{"id":30,"date":"2025-09-02T11:59:57","date_gmt":"2025-09-02T10:59:57","guid":{"rendered":"https:\/\/sc2024.sc-konjice-zrece.si\/?page_id=30"},"modified":"2025-09-02T12:37:23","modified_gmt":"2025-09-02T11:37:23","slug":"nagovor-direktorice-ravnateljice","status":"publish","type":"page","link":"https:\/\/sc2024.sc-konjice-zrece.si\/index.php\/nagovor-direktorice-ravnateljice\/","title":{"rendered":"Nagovor direktorice-ravnateljice"},"content":{"rendered":"\n<p>Spo\u0161tovani dijaki, udele\u017eenci izobra\u017eevanja, obiskovalci in drugi uporabniki na\u0161e spletne strani!<\/p>\n\n\n\n<p>V \u010dasu hitrih sprememb in med pridobivanjem znanja ter kompetenc so informacije nujne, na\u010din pridobivanja le-teh pa je zelo pester in \u0161irok.<\/p>\n\n\n\n<p>Dejavnosti \u0160olskega centra so raznolike, zato se zavedamo, da so informacije namenjene zelo razli\u010dnim skupinam uporabnikov. Prizadevamo si, da zainteresirani za izobra\u017eevanje pri nas pridobite na na\u0161i spletni strani hitre in klju\u010dne informacije.<\/p>\n\n\n\n<p>\u017de vrsto let uspe\u0161no izvajamo srednje\u0161olske programe za mladino, programe izobra\u017eevanja in svetovanja odraslim, usposabljanja za delo in prosti \u010das, \u0161olo vo\u017enje, svetovanja na podro\u010dju podjetni\u0161tva in projektov. Verjamem, da boste na na\u0161em \u0160olskem centru pridobili prav tista znanja in kompetence, ki jih sami za \u017eivljenje in delo v tem \u010dasu najbolj potrebujete.<\/p>\n\n\n\n<p>Zaposleni se zavedamo pomena kakovosti znanja. Prizadevamo si slediti razvoju stroke, uporabljati sodobne metode dela in u\u010dne pristope ter s prijaznostjo sklepati dolgoro\u010dna sodelovanja. Na uspehe na\u0161ih dijakov in udele\u017eencev v programih izobra\u017eevanja odraslih smo zelo ponosni.<\/p>\n\n\n\n<p>S \u0161ir\u0161im lokalnim in mednarodnim okoljem sodelujemo v razli\u010dnih programih izobra\u017eevanja, kariernega razvoja, spodbujanja podjetni\u0161tva in inovativnosti. Sledimo tehnolo\u0161kim trendom, hkrati pa s pogledom v tradicijo ohranjamo pomembne vrednote in korenine. Ponosni smo na mo\u010dno povezanost na\u0161ih programov z gospodarstvom, vklju\u010dno z za\u010detno podporo pri oblikovanju in razvoju va\u0161e poslovne dejavnosti.<\/p>\n\n\n\n<p class=\"has-text-align-right\">Odprti smo za nove ideje, nove pristope, za va\u0161a dobra priporo\u010dila, za potrebne spremembe in pohvale.        <img loading=\"lazy\" decoding=\"async\" width=\"150\" height=\"225\" class=\"wp-image-58\" style=\"width: 150px;\" src=\"https:\/\/sc2024.sc-konjice-zrece.si\/wp-content\/uploads\/2025\/09\/JMZ-2025-scaled.jpg\" alt=\"\" srcset=\"https:\/\/sc2024.sc-konjice-zrece.si\/wp-content\/uploads\/2025\/09\/JMZ-2025-scaled.jpg 1707w, https:\/\/sc2024.sc-konjice-zrece.si\/wp-content\/uploads\/2025\/09\/JMZ-2025-200x300.jpg 200w, https:\/\/sc2024.sc-konjice-zrece.si\/wp-content\/uploads\/2025\/09\/JMZ-2025-683x1024.jpg 683w, https:\/\/sc2024.sc-konjice-zrece.si\/wp-content\/uploads\/2025\/09\/JMZ-2025-768x1152.jpg 768w, https:\/\/sc2024.sc-konjice-zrece.si\/wp-content\/uploads\/2025\/09\/JMZ-2025-1024x1536.jpg 1024w, https:\/\/sc2024.sc-konjice-zrece.si\/wp-content\/uploads\/2025\/09\/JMZ-2025-1365x2048.jpg 1365w\" sizes=\"auto, (max-width: 150px) 100vw, 150px\" \/><\/p>\n\n\n\n<p>Vabljeni k sodelovanju z nami.<\/p>\n\n\n\n<p><br>Mag. Jasmina Mihelak Zupan\u010di\u010d,<br>ravnateljica-direktorica.<\/p>\n","protected":false},"excerpt":{"rendered":"<p>Spo\u0161tovani dijaki, udele\u017eenci izobra\u017eevanja, obiskovalci in drugi uporabniki na\u0161e spletne strani! V \u010dasu hitrih sprememb in med pridobivanjem znanja ter kompetenc so informacije nujne, na\u010din pridobivanja le-teh pa je zelo pester in \u0161irok. Dejavnosti \u0160olskega centra so raznolike, zato se zavedamo, da so informacije namenjene zelo razli\u010dnim skupinam uporabnikov. Prizadevamo si, da zainteresirani za izobra\u017eevanje [&hellip;]<\/p>\n","protected":false},"author":1,"featured_media":0,"parent":0,"menu_order":0,"comment_status":"closed","ping_status":"closed","template":"","meta":{"footnotes":""},"class_list":["post-30","page","type-page","status-publish","hentry"],"_links":{"self":[{"href":"https:\/\/sc2024.sc-konjice-zrece.si\/index.php\/wp-json\/wp\/v2\/pages\/30","targetHints":{"allow":["GET"]}}],"collection":[{"href":"https:\/\/sc2024.sc-konjice-zrece.si\/index.php\/wp-json\/wp\/v2\/pages"}],"about":[{"href":"https:\/\/sc2024.sc-konjice-zrece.si\/index.php\/wp-json\/wp\/v2\/types\/page"}],"author":[{"embeddable":true,"href":"https:\/\/sc2024.sc-konjice-zrece.si\/index.php\/wp-json\/wp\/v2\/users\/1"}],"replies":[{"embeddable":true,"href":"https:\/\/sc2024.sc-konjice-zrece.si\/index.php\/wp-json\/wp\/v2\/comments?post=30"}],"version-history":[{"count":2,"href":"https:\/\/sc2024.sc-konjice-zrece.si\/index.php\/wp-json\/wp\/v2\/pages\/30\/revisions"}],"predecessor-version":[{"id":59,"href":"https:\/\/sc2024.sc-konjice-zrece.si\/index.php\/wp-json\/wp\/v2\/pages\/30\/revisions\/59"}],"wp:attachment":[{"href":"https:\/\/sc2024.sc-konjice-zrece.si\/index.php\/wp-json\/wp\/v2\/media?parent=30"}],"curies":[{"name":"wp","href":"https:\/\/api.w.org\/{rel}","templated":true}]}}